greatest common divisor of 454262910 and 90?
30
What is the greatest common factor of 48229461 and 1374?
687
What is the highest common factor of 6062675 and 34468?
1231
Calculate the highest common factor of 36212281 and 483.
161
What is the highest common divisor of 561 and 21100959?
33
What is the greatest common divisor of 1386 and 8869950?
18
Calculate the highest common divisor of 322672 and 248927.
301
Calculate the highest common divisor of 692425 and 30.
5
What is the highest common divisor of 187 and 3881119?
11
Calculate the greatest common divisor of 4173 and 1610349.
39
What is the highest common factor of 16663 and 105830?
19
What is the greatest common divisor of 8204 and 847532?
28
Calculate the greatest common divisor of 6873 and 64631401.
2291
What is the highest common divisor of 80493830 and 30?
10
What is the greatest common divisor of 4532850 and 3?
3
Calculate the highest common factor of 94466453 and 146.
73
Calculate the greatest common divisor of 23020954 and 4466.
638
What is the greatest common divisor of 874 and 87723?
19
Calculate the greatest common divisor of 1581104 and 159002.
1486
What is the greatest common factor of 29889 and 23130441?
729
What is the highest common factor of 48 and 24901026?
6
What is the highest common divisor of 1764660 and 5340?
60
What is the greatest common divisor of 3130 and 445910755?
1565
What is the highest common factor of 162520 and 600?
40
Calculate the greatest common divisor of 4474296 and 360.
72
What is the greatest common divisor of 9312 and 5003765952?
9312
Calculate the highest common divisor of 4956 and 36381.
3
Calculate the highest common factor of 24088 and 3616211.
3011
What is the highest common factor of 1568 and 132972?
28
What is the greatest common divisor of 60 and 2495660?
20
Calculate the highest common divisor of 647247 and 51402882.
8193
What is the greatest common factor of 2461631 and 26546?
1021
What is the greatest common factor of 8472 and 20627202?
2118
Calculate the greatest common factor of 9867 and 4141995.
429
Calculate the greatest common divisor of 259478 and 25482.
274
Calculate the highest common divisor of 28 and 1913932.
4
Calculate the highest common factor of 7958 and 1073811.
173
Calculate the highest common divisor of 100 and 212134700.
100
What is the highest common divisor of 849761 and 229447?
1153
Calculate the highest common factor of 243 and 4277088.
9
Calculate the highest common factor of 661 and 15023.
1
Calculate the highest common divisor of 94116 and 28578.
66
Calculate the greatest common divisor of 17389971 and 81.
81
What is the highest common divisor of 6471 and 1032696?
9
What is the highest common divisor of 53461440 and 108?
36
Calculate the highest common factor of 48678264 and 216.
72
What is the highest common factor of 11069707 and 33?
11
What is the greatest common factor of 3022010 and 230?
10
Calculate the greatest common factor of 19064 and 68561293.
2383
Calculate the greatest common factor of 3201813 and 5535.
369
Calculate the greatest common factor of 327 and 1381139.
109
What is the greatest common divisor of 264366116 and 4760?
476
Calculate the highest common factor of 7392235 and 190.
95
What is the highest common divisor of 4 and 21801052?
4
What is the highest common factor of 4998 and 231168?
42
What is the greatest common divisor of 2574 and 67094874?
198
What is the greatest common factor of 711 and 2709?
9
What is the greatest common factor of 4929186 and 3534?
186
What is the greatest common divisor of 2296 and 7617800?
328
What is the highest common factor of 9 and 262973691?
9
What is the highest common divisor of 134 and 221766047?
67
What is the highest common divisor of 410 and 5549965?
205
Calculate the greatest common factor of 62225 and 27.
1
Calculate the greatest common divisor of 4131298 and 4082.
314
Calculate the greatest common divisor of 284 and 57866988.
284
Calculate the greatest common factor of 1613832 and 14058.
66
Calculate the greatest common divisor of 4850274 and 330.
66
What is the highest common factor of 234 and 18630495?
117
What is the greatest common factor of 68224 and 18445531?
533
Calculate the greatest common factor of 9259741 and 19790.
1979
What is the greatest common factor of 744316 and 29350?
1174
Calculate the highest common factor of 2947 and 261666656.
421
What is the greatest common factor of 1550 and 21830575?
25
What is the greatest common divisor of 21325 and 3610?
5
Calculate the highest common divisor of 12367025 and 550.
275
What is the highest common factor of 2836 and 81988?
4
Calculate the highest common divisor of 37920 and 12894696.
1896
What is the highest common factor of 293 and 1448515527?
293
What is the highest common divisor of 24 and 96810744?
24
What is the highest common factor of 6052941 and 21497?
3071
Calculate the highest common factor of 95976 and 71683408.
10664
Calculate the greatest common factor of 1611927 and 27921.
681
What is the highest common factor of 65130 and 47294400?
5010
Calculate the greatest common factor of 47596064 and 24.
8
Calculate the greatest common factor of 79425 and 13014051.
1059
Calculate the greatest common divisor of 51 and 127524667.
17
What is the greatest common divisor of 152515591 and 148?
37
What is the greatest common factor of 9776 and 10178038?
1222
Calculate the highest common divisor of 119727 and 149619.
159
What is the greatest common divisor of 11 and 43459449?
11
Calculate the greatest common factor of 30891644 and 5852.
532
Calculate the greatest common factor of 7584 and 1881622.
158
Calculate the highest common divisor of 1702 and 136616987.
851
Calculate the greatest common divisor of 3 and 1842663.
3
What is the highest common factor of 2306 and 343992938?
2306
Calculate the highest common divisor of 21700 and 89236.
28
What is the greatest common factor of 257850 and 57600?
450
What is the highest common factor of 168035 and 6055?
35
Calculate the highest common factor of 6346531 and 17616.
367
What is the greatest common factor of 16453208 and 696?
232
What is the highest common divisor of 7237950 and 35694?
3966
What is the highest common factor of 446560 and 896?
32
Calculate the greatest common factor of 101888552 and 8.
8
What is the greatest common factor of 522 and 72191730?
174
Calculate the greatest common factor of 268539880 and 50.
10
What is the highest common factor of 389760 and 184800?
3360
Calculate the highest common divisor of 108409 and 176239.
119
Calculate the greatest common divisor of 1563673 and 10630.
1063
Calculate the greatest common divisor of 3120 and 6093100.
260
Calculate the greatest common factor of 762248 and 275116.
2524
Calculate the highest common divisor of 307934 and 5324.
22
Calculate the greatest common divisor of 22144176 and 291078.
1854
What is the greatest common divisor of 105003746 and 994?
142
Calculate the greatest common factor of 24 and 18265568.
8
What is the highest common factor of 101735982 and 36?
18
What is the highest common factor of 6406 and 111112?
2
Calculate the highest common divisor of 6660204 and 1230.
246
Calculate the greatest common factor of 180 and 1110504.
12
What is the highest common divisor of 5150 and 106066825?
2575
What is the greatest common divisor of 11117556 and 298816?
2668
Calculate the greatest common divisor of 84 and 6694240.
28
What is the highest common divisor of 1974 and 514584?
42
Calculate the highest common factor of 12 and 1018508.
4
What is the greatest common divisor of 306550983 and 12?
3
Calculate the greatest common divisor of 18821174 and 986.
58
Calculate the highest common factor of 22587 and 968221871.
7529
Calculate the highest common factor of 18080 and 189136.
16
What is the highest common factor of 781714 and 44654?
538
What is the highest common divisor of 41818 and 1168468?
406
Calculate the highest common divisor of 44110 and 366514.
802
Calculate the greatest common factor of 11181310 and 51205.
4655
Calculate the highest common divisor of 5451054 and 70.
14
What is the highest common divisor of 30861100 and 210700?
4300
What is the highest common factor of 33323 and 34451?
47
Calculate the greatest common factor of 15 and 1582876275.
15
Calculate the highest c